 - (-34 - -52)?
-11
-24 + 9 - (18 + -5)
-28
Evaluate -2 + 7 - (-6 + 14 - 7 - -2).
2
What is the value of 1 + -21 + (3 - 0) + 5?
-12
10 + -12 + -2 + (-10 - -4)
-10
Evaluate 0 + 25 - (35 + -30 + 2).
18
What is the value of 8 + 12 + 3 - 19?
4
Calculate (-17 - (-2 + -10)) + (-1 - 2).
-8
What is -7 - (-44 + 15 + 8)?
14
What is the value of -6 + 34 + 1 + 0 + (-192 - -202)?
39
Evaluate -5 + 2 - (-591 + 554).
34
-14 - (-1 - (-7 - -1) - (53 - 45))
-11
-50 + 39 - (2 - 12) - -13
12
What is -2 + 19 - (77 + (-75 - -6))?
9
-31 - (-24 + 35 + -27)
-15
What is the value of 5 + (-8 + 6 + -3 - (12 - 7))?
-5
-2 + 7 + (-31 - (5 - 32))
1
-3 + (32 + -29 - -22)
22
15 + (-24 - 27) + 32
-4
What is the value of -22 + (-10 + 9 - 4) + 7?
-20
39 + -10 + -11 + -6
12
Calculate -9 + (27 - (42 + -1)).
-23
Calculate 7 - ((-7 - -38) + (0 - 8)).
-16
Calculate 12 + (8 - -2) - 14.
8
0 + -2 + (1 - -1) + (-4 - 6)
-10
What is -3 + (-13 - 7) + 13 + -2?
-12
Calculate 2 + (-8 - 1 - (-20 + 26 + -26)).
13
-262 + 267 - (0 - -8)
-3
What is (-13 - -15) + (-33 - 4) + 13?
-22
Calculate (153 - 145) + (-9 - -1) + 5 + 9.
14
-1 + -3 + (-31 + 16 - -16)
-3
What is 6 - ((-3 - 0 - 4) + (22 - 18))?
9
Calculate -14 + 13 + -15 + 2.
-14
Calculate 171 + -169 - (-8 + 0) - 31.
-21
Calculate (1 - -2) + (-8 + 11 + -14 - -13).
5
13 - -2 - (71 + -56)
0
170 - 168 - (1 + -2 - -14)
-11
-18 + 0 + (-6 - -8 - 1) + 5
-12
Evaluate 30 + (-25 - -47) + -26.
26
What is -27 + 29 + 24 - 9?
17
Evaluate (17 - (-13 + 26)) + 0 - -14.
18
Calculate -3 + 23 + (-28 - -27).
19
Evaluate -29 - 0 - ((-10 - -21 - 12) + 3).
-31
What is the value of 50 + 0 - (-297 + 327)?
20
What is the value of (-3 - 1) + (31 - 29) - -8?
6
-12 - (-24 - (25 + -36))
1
Calculate (35 - 2 - (-12 - -22)) + 8 - 8.
23
Calculate 4 - (0 + 5) - (5 - 11).
5
2 + (5 + -7 - -5) - (-22 + 25)
2
Evaluate (-2 - 38) + 1 - (-95 - -77).
-21
Calculate -2 + 8 + 7 + -7.
6
Calculate 11 - 22 - (-1 + (-12 - -7)).
-5
What is 2 + 6 + -13 - (-7 - (-2 + 1))?
1
What is -1 + 1 + 0 - (9 + 2 + -7)?
-4
Calculate 12 - (-16 - (-44 - -7)).
-9
Evaluate 56 - (-37 - -76 - 15).
32
What is -8 - (-13 + -14 + 11 + -3)?
11
-14 + 22 + 7 - 11
4
What is (2 + -12 - -17) + -8 + 3?
2
What is (-2 + 20 - 22) + (-1 - -14)?
9
(-5 - -12) + 0 + -6 + -6
-5
70 + 58 + -126 - (13 + 1)
-12
Evaluate -4 - 2 - (10 - 3 - (-21 - -30)).
-4
What is (12 - (-19 + 52)) + 1 + -6?
-26
(-46 - -3) + (508 - 439)
26
Evaluate -1 + -14 + -1 + 3 + -129 + 124.
-18
What is the value of 7 + -3 + 5 + 2?
11
Evaluate 7 + -17 + 10 - 25.
-25
What is the value of 12 - (34 - -4 - 6 - 12)?
-8
What is the value of 8 + 4 - (9 + -5)?
8
What is 98 - 97 - (21 - (-3 - -1))?
-22
What is -1 + 2 + 6 - (34 + -39 + 21)?
-9
Calculate -4 - (-4 - (-11 - (-9 + 11))).
-13
Calculate 5 + (-19 - -13) + (22 + -3 - -1).
19
What is the value of 1 + (-1 - 1 - (25 + -24 + -2))?
0
Calculate -11 + 28 + -13 + 15.
19
What is the value of (-31 - -32) + (10 - -1) + -3?
9
What is (67 - 60) + (-2 - 4)?
1
Calculate -25 - 1 - (-34 + 13 + 14) - 3.
-22
Calculate -3 - 14 - (-303 - -288).
-2
Calculate -8 - (-6 - -3) - ((9 - 12) + 16).
-18
Calculate (-4 - -2) + -3 - (-14 + (11 - 3)).
1
What is (25 + -38 - 6) + -2 + 0 + 3?
-18
Evaluate (-47 - -9) + (21 - 5) + 1.
-21
Evaluate -5 - ((-32 - (-2 + 0 + -4)) + 3).
18
What is -10 + 19 - (-10 + 0 + 8)?
11
9 + -6 + 2 + (-20 - -28)
13
Evaluate -14 + -18 + 36 + -28.
-24
What is -10 - (15 + -26 + -3)?
4
What is the value of (-1 - (-1 + -11 + 14)) + 28?
25
What is the value of 11 + 5 + (-19 - -12)?
9
What is (1 - -11) + 223 + -216?
19
1 + -5 - (-2 + -10 + -111 + 116)
3
What is the value of -3 + (-20 - (-21 + -1))?
-1
What is -12 - (-19 + 15 + -2)?
-6
Calculate 10 + 7 + -1 - 7.
9
-11 - (16 + 12 + (-57 - -13))
5
3 - (-7 - (1 + 0)) - 4
7
Calculate 5 + (-4 - (-6 - -2)) - (9 + 0).
-4
What is the value of -72 + 56 + (8 - -2)?
-6
Calculate 18 - (11 + -15 + 34).
-12
What is the value of 45 + -37 - (23 + 12 + -20)?
-7
What is the value of -12 - (10 + -11 + (-3 - (1 + -2)))?
-9
What is 4 - (58 + -62 - (1 - 9))?
0
Calculate 2 + (-5 - 2) + -6 - 5.
-16
-15 + 19 - (0 + -1) - (66 + -71)
10
Evaluate 38 + -19 - 5 - 13.
1
Evaluate -39 + (20 + 6 - 14).
-27
Evaluate (33 - 31) + (-2 - -10).
10
Evaluate (-242 + 233 - (1 + -9)) + -6.
-7
What is the value of 122 + -98 + -6 + -17?
1
1 + -8 + 13 + -2 + -5 + -30
-31
What is the value of (-34 - -28) + -4 + -2?
-12
Calculate 0 - ((74 - 38) + -35).
-1
Evaluate -5 + 23 + (-33 - -18).
3
87 + -87 - (0 + -4 + (2 - 0))
2
What is 2 + -1 + 0 + (11 - 12) + -3?
-3
Calculate (1 - 1) + (-19 - -18 - 13).
-14
What is the value of (-7 - (5 - 0 - -20)) + 4 + 10?
-18
Evaluate -9 + 9 + 5 - (-1 - 6).
12
Calculate 22 + (-17 + 28 - 23) + (2 - -8).
20
What is 2 - (3 - 2 - 2 - (-51 - -39))?
-9
Evaluate (-8 + 4 + 3 - 8) + 4 + -2.
-7
Calculate (-1 - -13) + 5 + -11 + (4 - 1).
9
What is 44 - (-1 + -15 + (11 - 1) - -11)?
39
Evaluate 5 + 2 + -6 + (1 - 4) + 1.
-1
What is the value of -4 + (-2 - -11 - (10 - 11))?
6
Calculate (17 - (17 + -15)) + -19.
-4
Evaluate (-7 + 8 + -6 - 1) + (6 - 4).
-4
Calculate (14 - (4 - 0 - (-7 - -1))) + -19.
-15
Calculate 0 - 10 - (10 - (-22 - (-9 + -11))).
-22
What is -3 + 2 + (13 - 3 - 7)?
2
Evaluate -11 + (-24 - -38) + -3 + 1 + 1.
2
Evaluate -1 - (47 - (-4 - -12)) - -13.
-27
What is 1 + -6 - (-38 + 36) - (-1 - -5)?
-7
Evaluate -11 + -13 + (-7 - -22 - 17).
-26
Calculate (-2 - (11 - 17)) + (1 - 13).
-8
Calculate (2 - -2) + (32 - 44).
-8
Evaluate 5 + 17 + -12 - 11.
-1
What is the value of -1 - (12 + -12 - 9)?
8
What is the value of 7 + (-23 - (-21 + 5))?
0
-11 + (7 + -10 - -23) - (-3 + 8)
4
Evaluate 1 - ((-14 - -12 - -8) + (-3 - -2)).
-4
What is the value of 8 - (1 + 6 - (-270 - -290))?
21
Evaluate (38 - 34) + 15 + -21.
-2
What is the value of 742 + -749 + (-1 - -26)?
18
What is 11 - (-15 - (-44 + 16))?
-2
7 + -4 + -6 + 8 + -5 + 11
11
Calculate -13 + 4 + 2 + (0 - (-4 + 1)).
-4
Calculate -2 + 8 + 56 + -55 + 6.
13
What is 27 + (66 - 70 - (-1 - 2 - -3))?
23
Evaluate 4 + (195 - 214 - (2 - 12)).
-5
-73 + 43 - (-15 - -3)
-18
What is (0 - 2) + 38 + (6 - 25)?
17
Evaluate 16 + 3 + -13 + -16 + -3.
-13
Evaluate 30 - (22 + -9) - (8 + -12 - -11).
10
-9 - 40 - (37 + -50)
-36
(1 - -42) + (-495 - -437)
-15
What is the value of -192 + 186 - (9 - (0 - -2))?
-13
Evaluate -1 - -1 - -7 - (-3 + 5 + 16).
-11
1 - (-17 + -3 + 1 + 7 + 4)
9
-1 + -20 + (-190 - -199) - -1
-11
Calculate 3 - 12 - (34 + -15).
-28
What is -13 + 16 + 35 + -25?
13
(-2 - 0) + -5 - (-46 - -36)
3
3 - 6 - (-11 - (-6 - 6))
-4
What is the value of 2 + ((0 - -7) + 1 - -2) - -21?
33
Calculate -3 + 13 + -12 + 7 + -5.
0
Evaluate (5 - 5) + (-2 - 4) + (3 - -2).
-1
32 + (-11 - (-32 + 48))
5
19 - -2 - (5 + 8)
8
-13 + -4 + 1 - -10
-6
Calculate -3 - -8 - (10 + -13 + -5).
13
Evaluate (1 - 1) + 1 - (24 - (-28 + 64)).
13
Evaluate (-2 - -3) + 0 - (12 + -24 + -13).
26
What is -70 - -69 - (2 - 14)?
11
Evaluate -3 + 3 + (13 - 28) + 9.
-6
What is (-1 - -1 - (10 - (-4 + 14))) + -9?
-9
What is -14 - (13 + -15 + -19)?
7
What is 3 + -12 + 1 + 30 - 1?
21
What is the value of -4 - 0 - (18 + 7 - (-6 - -13))?
-22
(138 - 153) + -4 + -2
-21
What is (-22 - -2) + 28 + 2?
10
What is the value of -4 - (-7 + (2 - (-5 + -2)))?
-6
Calculate 9 + (-6 + -1 - (-162 + 161)).
3
Evaluate 4 + 6 + -23 + 6.
-7
What is -8 - (-1 + 4 + 146 + -148)?
-9
5 - -3 - (-18 - (-9 + 2))
19
What is the value of 53 - (-22 + 46 - (-8 + 12))?
33
What is -11 - 1 - (2501 - 2500)?
-13
-2 + 18 + -15 + 2 + -11 - -3
-5
Evaluate -432 + 423 + (-5 - 0).
-14
Calculate (33 - 57) + -5 + 52.
23
Evaluate (10 - 10 - -17) + (-8 - 4).
5
(-2 - -3) + -3 + 3 - (12 + 6)
-17
What is the value of -2 + (-5 - 6) + (10 + -2 - 1)?
-6
Calculate 14 - ((29 - 16) + 6).
-5
Evaluate -4 + -17 + 14 + 5.
-2
What is (3 - 16 - -21) + 4?
12
Calculate -8 + -1 + -52 + 46 - -7.
-8
7 + 2 + 16 + -16
9
Calculate 998 + -991 - (2 + 3 + (2 - 4)).
4
What is (132 + -69 - 82) + (3 - 0)?
-16
8 - (-14 - (-9 + -2))
11
What is -6 + (3 - (4 + -4 + (-5 - -9)))?
-7
0 + (-24 - (-30 - -14) - -46)
38
7 + -26 + (2 - -1 - (4 - 7))
-13
Evaluate 1 - (6 + 9 - 3).
-11
-2 + 7 + -6 - 3 - (-4 - 4)
4
Evaluate 16 + -4 + -15 + -2.
-5
What is 5 + (-3 - (6 + -5)) + -1?
0
-22 - 1 - (309 + -315)
-17
Evaluate (2 + 0 - 1) + -5 + -7.
-11
Evaluate -5 - (19 - (2 + 10 - 3)).
-15
What is the value of 0 + (-1 - 7 - (-6 - 2))?
0
E